ative of o(k). Let w be 16/(-10) - (-2)/(-5). Give p(w).
-10
Let d(t) = -t + 5. Let m(b) = -4*b + 16. Let a(y) = 3*y + 2. Let w be a(-3). Let q(f) = w*d(f) + 2*m(f). Let g = -14 + 17. Determine q(g).
-6
Let q(v) = -v**2 + 6*v - 2. Let n(z) = -z + 4. Let m be n(7). Let l be 18/27 - 7/m. Give q(l).
7
Let y(x) be the second derivative of 0 - 15*x + 1/20*x**5 + 1/3*x**3 + x**2 + 1/4*x**4. Let c = -8 + 5. What is y(c)?
-4
Let v(a) be the second derivative of a**4/12 + 7*a**3/6 + 2*a**2 + 5*a. Let b(t) = -t**2 - t - 1. Let l(p) = 3*b(p) + v(p). Determine l(3).
-5
Let n(f) be the first derivative of -9*f**2 + f - 11. Suppose 0 = 4*o + m - 3*m + 22, -18 = 3*o - m. Let z = o + 6. Calculate n(z).
19
Let k be 2/10 + 1200/250. Let b(u) = -u**3 + 4*u**2 + 8*u - 9. Give b(k).
6
Let q(d) = -d**3 - 4*d**2 + d - 6. Let y(f) = -1. Let b(m) = q(m) - y(m). Let h = 16 + -20. What is b(h)?
-9
Let j(u) = -4 + 26*u + 0 + 62*u - 85*u. Determine j(-3).
-13
Let a(y) = 22*y**2 + 12*y - 7. Let b(g) = -9*g**2 - 7*g + 4. Let x(q) = 2*a(q) + 5*b(q). What is x(-12)?
-6
Let y(f) = -4*f + 6. Let m(r) = 2*r**2 + 4*r - 9. Let x be m(-5). Let z = x + -17. Determine y(z).
-10
Let g(r) = -r**3 + 9*r**2 - 8*r. Let z be g(8). Let f be (20/8 - 3)*z. Let y(x) = -x**2 + f + 0 + 2 - 5*x. Calculate y(-5).
2
Let f(t) = 23*t - 12. Let j(s) = -63*s + 36. Let o(a) = -11*f(a) - 4*j(a). What is o(-11)?
-1
Let k(w) = 4 - 4*w**2 + w + 4*w**2 + w**2. Let n(d) be the first derivative of d**2/2 + 3*d + 6. Let s(i) = -2*k(i) + 3*n(i). Calculate s(3).
-14
Let r(o) be the third derivative of -o**6/120 - o**5/30 + o**4/4 + o**3/3 - 20*o**2 - 3*o. Calculate r(-4).
10
Let i(m) = m - 3. Let a(d) = -4 - 2*d - 4*d - d**2 + 0*d**2. Let r be (-7)/(-14)*(-12)/1. Let u be a(r). Determine i(u).
-7
Let v = -7 + 14. Let c(q) = -v + 3 + 6*q**2 - 5*q - q**3 - 2. Let f(a) = 7*a - 2. Let d be f(1). Determine c(d).
-6
Let g(t) = -4*t**2 - 4*t + 2. Let d(a) = 5*a**2 + 3*a - 2. Let x(v) = -5*d(v) - 4*g(v). Determine x(-2).
-36
Suppose -1 = -2*c - 4*h + 27, -2*c = -3*h. Let u = c - 2. Let x(s) = 2 - 2*s + s - u + 3*s. Determine x(3).
4
Let n(o) = -o + 1. Let p be (-3 - -2 - 4) + -20. Let k(u) = u**3 + 26*u**2 + 27*u + 45. Let j be k(p). What is n(j)?
6
Let i(z) = -z**2 + 4*z - 2. Let r be (2/8)/((-9)/36). Let w be 1 - r*(-2)/(-2)*3. Calculate i(w).
-2
Let q = 5 + -5. Suppose q = -p - u + 12, -7 = -p - 4*u + 20. Let k(v) be the first derivative of v**2 - 8*v - 54. What is k(p)?
6
Let s(r) = 15*r - 11. Let a(t) = -7*t + 5. Let v(k) = 13*a(k) + 6*s(k). Let w(n) = -n**2 - 5*n - 2. Let c be w(-4). Calculate v(c).
-3
Let p(t) be the third derivative of -t**6/30 + t**5/30 + t**4/12 - t**3/6 + 579*t**2. Give p(2).
-21
Let b(w) be the third derivative of 0*w**5 - 1/24*w**4 + 0 + 12*w**2 + w**3 + 0*w + 1/120*w**6. What is b(0)?
6
Let m(w) = -w**2 - 2*w + 4. Let c(z) = z**3 + 24*z**2 - 25*z - 4. Let y be c(-25). Determine m(y).
-4
Let c(b) = b**3 - b**2 - 2. Suppose 0 = 5*o - t - 16, 5*t - 1 = 6*t. Calculate c(o).
16
Let q(t) = -6*t**2 + t + 5. Let w(x) = -7*x**2 + 2*x + 5. Let g(r) = 6*q(r) - 5*w(r). Determine g(0).
5
Let w(b) be the third derivative of -b**5/60 - 5*b**4/12 - 5*b**3/3 - 38*b**2. What is w(-3)?
11
Let i(t) = -t**2 - 1. Let n be i(2). Let c(j) = -j**3 + j + 1. Let v(r) = 6*r**3 + 6*r**2 - 13*r - 1. Let h(m) = n*c(m) - v(m). Determine h(-7).
-11
Let i(c) = -3*c**2 - 127*c + 214. Let b be i(-44). Let y(k) = -2*k**2 - 10*k - 4. Calculate y(b).
-16
Let l(i) be the second derivative of -i**3/6 - 3*i**2 - 63*i. Suppose 15 = -4*q - 21. What is l(q)?
3
Let f = -358 + 360. Let v be (-16)/3*(-6)/4. Let k(p) = 8*p + 2 - 5*p**2 - 2*p**2 + v*p**f. Give k(-6).
-10
Let a(f) be the third derivative of 1/6*f**4 - 1/6*f**3 - 1/30*f**5 - 1/120*f**6 + 0 + 14*f**2 + 0*f. Give a(-4).
15
Let d(x) = 2*x**2 + 3*x. Let k be d(-2). Let m = -1 - k. Let j(a) = -4*a - 3. Determine j(m).
9
Let f(b) be the second derivative of -b**5/20 - b**4/2 - 5*b**3/6 + b**2/2 + 281*b. Determine f(-5).
1
Let y(o) = -2*o - 1 - 2*o**3 + 3*o**2 + 1 - 7*o**2. Let s be y(-2). Let q(u) = -2*u - s*u + 0*u + 5 + 0 + u**2. Give q(4).
-3
Let m(a) be the second derivative of -a**4/4 + a**2/2 + 359*a. Suppose 1 - 5 = 2*x. What is m(x)?
-11
Suppose -4 = -0*p - p. Suppose -5*q - 31 = 3*y, 0 = y + p*q - 0*q + 22. Let n(l) = 3*l - 32. Let h(v) = v - 20. Let z(g) = 8*h(g) - 5*n(g). Give z(y).
14
Let b(h) = h - 5. Let x(n) = 2*n - 9. Let l(c) = -11*b(c) + 6*x(c). Let j(a) = -9*a**3 + 2*a + 3. Let t(u) = j(u) - 4*l(u). Let i = 8 - 9. Give t(i).
10
Let u(t) = -t**2 + 6*t + 123. Let c(d) = d + 30. Let f(r) = 4*c(r) - u(r). Let a(g) = -g + 9. Let i be a(6). Determine f(i).
0
Let x(m) be the third derivative of 1/24*m**4 - 1/2*m**3 + 0 - 3*m**2 + 0*m. Determine x(-4).
-7
Suppose 28 = 4*j - 4*q, 0 = 5*j + 4*q - 12 + 4. Suppose 0 = 5*n - j*y - 50 - 77, n - 35 = 4*y. Let c = -22 + n. Let g(f) = -12*f**3 + f. Give g(c).
-11
Suppose 0 = -0*f - 3*f - 9, -f = -2*m - 29. Let j be (m + 7)*(-1)/6*-2. Let x(n) = n**2 + 3 - 2 - 1 - 4 + n. Calculate x(j).
2
Let j(n) be the second derivative of n**5/20 - 7*n**4/12 + 5*n**3/6 + 4*n. Suppose 5*u = 2*u - 21. Let q = u + 13. Calculate j(q).
-6
Let j = -9 - -7. Let l = j - -1. Let k(v) be the third derivative of -v**6/120 + v**5/60 + v**4/24 + 4*v**2. What is k(l)?
1
Let i(g) be the third derivative of g**5/20 - g**4/8 + g**3/3 - g**2. Suppose 39*o - 18 = 33*o. Calculate i(o).
20
Let y = 29 - 33. Let k(z) = -6*z**2 + 4*z + 3. Let j(x) = -5*x**2 + 3*x + 2. Let a(m) = y*j(m) + 3*k(m). Calculate a(-1).
3
Let j(m) = m**3 + m**2 - 2*m + 1. Let g be j(1). Let s be ((-3)/9)/(1/(-6)). Let w(b) = -s + 3*b + 5 - 3. Give w(g).
3
Let v(b) = 4 - 356*b - 5*b**2 - b**3 + 356*b. Let o(w) be the third derivative of -w**5/60 + w**4/12 + w**3/2 - 3*w**2. Let l be o(-2). Calculate v(l).
4
Suppose 3*j + j = -180. Let b = 40 + j. Let x(a) = -a**2 - 5*a + 2. Let g be x(b). Let l(i) = -2*i. What is l(g)?
-4
Let v(s) be the second derivative of -1/10*s**5 - 1/2*s**2 - 1/12*s**4 + 0 + 0*s**3 - 11*s. Calculate v(-2).
11
Let m(d) = d**3 - 6*d**2 + 2*d. Let z(p) be the second derivative of -p**4/12 - 2*p**3/3 + 3*p**2 + 9*p. Let c be z(-5). Let f be 245/40 + c/(-8). Give m(f).
12
Suppose -4*o + 5 = 5*w - 19, -5 = -o - w. Let f be 1/o - (-2)/1. Let v(u) = 6*u**3 - 3*u**3 - 4*u**f - 3 - 4*u**2 + 0*u**3. Give v(-4).
-3
Let q(z) = -2*z**2 - 31*z + 45. Let o be q(-17). Let x(y) = -y + 14. Calculate x(o).
20
Let c(h) = h**2 - 10*h + 8. Let l be c(9). Let u be l*6*6/9. Let i(x) = -2*x. Calculate i(u).
8
Let y(p) = -p**2 - p + 16. Let z be y(3). Let t(q) = -5*q + 7 + 0*q**2 - 3*q**2 + q**3 - 3. Give t(z).
0
Let g(m) = m - 10. Let v(f) = 7*f - 401. Let j be v(59). Calculate g(j).
2
Let u(x) = 3*x**2 - 7*x - 1. Let s be u(8). Suppose -14*k - k + s = 0. Let n(i) = i - 6. Determine n(k).
3
Let o(c) = 5*c**2 - c + 2. Let j = 8 - 2. Let k(b) = -b**2 + b. Let n(q) = j*k(q) + o(q). What is n(4)?
6
Let x(w) = -w**2 + 37*w + 3. Let b(g) = g**2 - 43*g - 3. Let c(t) = 5*b(t) + 6*x(t). Let d = -6 - -13. What is c(d)?
3
Let t(d) = d**3 + 4*d**2 + 4*d + 2. Let l(g) = -g**3 + 6*g**2 - 3*g + 2. Let c be l(6). Let k = -19 - c. What is t(k)?
-1
Let t be (0/(-1))/(21 - 19). Let q(l) = -l**2 + l + 3. What is q(t)?
3
Let a(d) = 13*d**2 - 5*d**2 - 11*d + d**3 - 3*d**2 - d**2 + 8. Let l be a(-6). Let c(j) = -j - 1. Let m(x) = 2*x + 1. Let n(z) = c(z) + m(z). Give n(l).
2
Let l(s) = 9*s - 4. Let q(o) = 20*o - 9. Let i(r) = -7*l(r) + 3*q(r). Give i(2).
-5
Suppose -3*d - 6 = 12. Let o be 2/((21/6)/7). Let a(i) = -8 + 2*i**2 + o*i - 3*i**2 + 2*i**2. Determine a(d).
4
Let q(d) = 9*d**2 + 48*d + 23. Let i(a) = 3*a**2 + 17*a + 8. Let w(g) = -17*i(g) + 6*q(g). Give w(-2).
16
Suppose g = -2*q + 6, -3 + 5 = 2*q. Suppose -7*n + 2*n - 4*i = 52, 4*n - g*i + 20 = 0. Let k be -1*2 - (n + 4). Let m(t) = -t + 2. Give m(k).
0
Let v(y) be the third derivative of 1/12*y**4 + 0 + 1/360*y**6 + 0*y - y**3 + 1/30*y**5 - 6*y**2. Let t(h) be the first derivative of v(h). What is t(-4)?
2
Let b = 158 + -160. Let v(r) = -6*r**2 - 2*r - 3. What is v(b)?
-23
Let k(a) = 2*a + 8. Let w(f) = 2 + 3*f**2 - f**2 + 36*f - 3 - 5. Let c be w(-18). Determine k(c).
-4
Let v(d) = 7*d**3 + 4*d**2 + 11*d + 2. Let c(a) = -3*a**3 - 2*a**2 - 5*a - 1. Let 